 and 22553?
19
Calculate the greatest common factor of 3792 and 1776.
48
What is the highest common divisor of 932 and 822956?
932
What is the greatest common factor of 4615 and 2080?
65
What is the greatest common factor of 18 and 17910?
18
Calculate the greatest common factor of 20 and 13936.
4
What is the greatest common divisor of 17162 and 4?
2
What is the highest common divisor of 801 and 11392?
89
What is the greatest common divisor of 11 and 229317?
11
What is the greatest common divisor of 8672 and 9312?
32
What is the greatest common factor of 52866 and 382878?
1602
What is the greatest common factor of 95 and 1915580?
95
What is the greatest common divisor of 51108 and 12?
12
Calculate the highest common factor of 2305 and 2395817.
461
Calculate the highest common factor of 112242 and 39.
39
Calculate the highest common divisor of 100 and 270.
10
Calculate the greatest common factor of 83 and 526.
1
Calculate the greatest common factor of 12563 and 374.
17
What is the greatest common factor of 264010 and 34?
34
What is the highest common divisor of 305185 and 134?
67
What is the highest common divisor of 342 and 837406?
38
Calculate the highest common factor of 12 and 347418.
6
Calculate the highest common divisor of 110390 and 22610.
1330
What is the highest common factor of 4083 and 6?
3
Calculate the highest common factor of 20 and 1354.
2
What is the highest common divisor of 730370 and 10?
10
Calculate the greatest common factor of 46914 and 357.
21
What is the greatest common factor of 105 and 8325?
15
Calculate the highest common factor of 14418 and 1215.
81
What is the greatest common divisor of 60 and 106356?
12
What is the highest common factor of 243 and 6102?
27
Calculate the greatest common divisor of 42 and 5992.
14
What is the greatest common divisor of 53092 and 286?
26
What is the greatest common divisor of 1064209 and 1418?
709
Calculate the highest common factor of 24 and 13672.
8
What is the greatest common factor of 63123 and 159?
159
What is the greatest common divisor of 90771 and 37209?
237
What is the greatest common divisor of 9224 and 744?
8
What is the highest common factor of 308089 and 424?
53
What is the greatest common divisor of 3692911 and 41?
41
Calculate the greatest common divisor of 192 and 55920.
48
What is the greatest common divisor of 279987 and 30?
3
Calculate the greatest common factor of 10385 and 6510.
155
What is the greatest common divisor of 408 and 2196?
12
What is the greatest common factor of 132 and 13816?
44
What is the greatest common factor of 6728 and 152?
8
Calculate the highest common divisor of 181 and 210141.
181
Calculate the greatest common factor of 34 and 222241.
17
Calculate the greatest common divisor of 3393 and 6003.
261
What is the highest common divisor of 1296 and 159?
3
What is the highest common factor of 1710 and 81410?
10
Calculate the greatest common divisor of 25 and 11309425.
25
Calculate the greatest common divisor of 75019 and 404184.
1531
Calculate the greatest common divisor of 125 and 685375.
125
Calculate the highest common factor of 668 and 118069.
167
Calculate the highest common factor of 1035 and 41814.
207
Calculate the highest common divisor of 146335 and 185.
185
Calculate the highest common factor of 287212 and 413.
59
Calculate the highest common divisor of 2960 and 7631620.
740
What is the highest common divisor of 143 and 4972?
11
Calculate the greatest common divisor of 1040 and 1326.
26
Calculate the highest common divisor of 461978 and 363.
121
What is the highest common factor of 80451 and 63?
63
What is the greatest common factor of 83916 and 9?
9
What is the greatest common divisor of 18 and 5202?
18
Calculate the greatest common divisor of 354174 and 12.
6
Calculate the highest common factor of 156 and 143832.
156
Calculate the highest common factor of 8 and 107596.
4
What is the highest common divisor of 340 and 1100?
20
Calculate the highest common divisor of 23 and 738369.
23
Calculate the greatest common divisor of 1876 and 1708.
28
What is the greatest common factor of 90 and 1314?
18
What is the highest common divisor of 85 and 371195?
85
What is the highest common factor of 265590 and 650?
130
What is the greatest common divisor of 15360 and 15?
15
What is the highest common divisor of 2132 and 2816?
4
Calculate the greatest common factor of 1687338 and 108.
54
Calculate the greatest common divisor of 540 and 28850.
10
What is the greatest common factor of 1466330 and 1772?
886
What is the greatest common divisor of 24462 and 2592?
162
Calculate the greatest common divisor of 40 and 2710.
10
What is the greatest common factor of 222916 and 4692?
92
What is the highest common factor of 1316871 and 5643?
513
What is the greatest common factor of 255 and 46971?
51
Calculate the highest common divisor of 594424 and 4824.
536
What is the highest common divisor of 4266735 and 2090?
1045
What is the highest common divisor of 1755 and 455?
65
Calculate the greatest common factor of 33729 and 1.
1
What is the highest common divisor of 1506981 and 63?
21
Calculate the highest common divisor of 55 and 4301.
11
What is the highest common divisor of 746 and 101083?
373
What is the greatest common divisor of 94746 and 3?
3
What is the greatest common factor of 564 and 266396?
188
What is the greatest common factor of 1376 and 842284?
172
What is the highest common factor of 329771 and 13?
13
What is the greatest common factor of 1277029 and 5681?
299
Calculate the greatest common divisor of 219 and 381.
3
What is the greatest common divisor of 36 and 35793?
9
What is the highest common divisor of 175500 and 30?
30
What is the greatest common factor of 220 and 2446576?
44
What is the highest common divisor of 3 and 2626290?
3
Calculate the highest common factor of 96 and 104.
8
Calculate the highest common factor of 447 and 258.
3
Calculate the greatest common factor of 28427 and 155.
31
What is the highest common factor of 122552 and 40?
8
Calculate the greatest common factor of 19854 and 522.
18
What is the greatest common factor of 10317 and 57?
57
Calculate the highest common factor of 176166 and 90.
18
Calculate the greatest common divisor of 2976 and 5301.
93
What is the highest common factor of 1449310 and 30?
10
Calculate the greatest common divisor of 19881 and 23688.
423
What is the greatest common factor of 1001961 and 1141?
163
Calculate the highest common divisor of 372 and 15972.
12
What is the greatest common divisor of 1391 and 637?
13
Calculate the highest common divisor of 7854 and 816.
102
Calculate the highest common divisor of 2405 and 58645.
185
What is the highest common factor of 322 and 183701?
161
Calculate the highest common divisor of 3405433 and 223.
223
Calculate the highest common divisor of 173 and 3287865.
173
What is the highest common factor of 108071 and 2747?
67
Calculate the highest common factor of 1989 and 289.
17
What is the highest common divisor of 1280 and 368?
16
What is the highest common factor of 44319 and 474?
237
Calculate the highest common divisor of 28496 and 10777.
13
What is the greatest common factor of 1353 and 181566?
33
What is the highest common factor of 964 and 27648?
4
What is the greatest common divisor of 276 and 2028?
12
What is the highest common divisor of 781 and 31?
1
What is the greatest common divisor of 119 and 176545?
17
What is the greatest common factor of 105214 and 651?
31
Calculate the highest common divisor of 401868 and 183.
183
What is the highest common divisor of 186 and 4025319?
93
What is the highest common divisor of 375 and 555125?
125
Calculate the greatest common divisor of 110224 and 166.
166
Calculate the greatest common factor of 3200 and 2176.
128
What is the greatest common divisor of 1493507 and 11972?
2993
Calculate the greatest common factor of 10 and 1985.
5
Calculate the highest common divisor of 786 and 1310262.
786
What is the greatest common divisor of 336 and 11472?
48
What is the greatest common factor of 208 and 9620?
52
What is the greatest common factor of 90 and 206540?
10
Calculate the greatest common divisor of 198 and 113278.
22
What is the greatest common factor of 939529 and 191?
191
What is the highest common divisor of 1